{"id":26,"date":"2012-11-12T22:38:28","date_gmt":"2012-11-12T21:38:28","guid":{"rendered":"https:\/\/www.campingvaldevie.fr\/?page_id=18"},"modified":"2025-03-07T14:21:30","modified_gmt":"2025-03-07T13:21:30","slug":"rechtliche-hinweise-2","status":"publish","type":"page","link":"https:\/\/www.campingvaldevie.fr\/de\/mentions-legales\/","title":{"rendered":"Rechtliche Hinweise"},"content":{"rendered":"<h2 class=\"wp-block-heading\">WER SIND WIR?<\/h2>\n\n\n\n<div class=\"wp-block-columns is-layout-flex wp-container-core-columns-is-layout-9d6595d7 wp-block-columns-is-layout-flex\">\n<div class=\"wp-block-column is-layout-flow wp-block-column-is-layout-flow\">\n<h3 class=\"wp-block-heading\">Herausgeber<\/h3>\n\n\n\n<p>PROCAMP ENB GMBH<\/p>\n\n\n\n<p>83411537000019<br>Hauptsitz: 5, rue du stade, 85190 Mach\u00e9<br>Telefon-Nr.: 07 87 00 15 61<br>E-Mail: contact@campingvaldevie.fr<\/p>\n\n\n\n<h3 class=\"wp-block-heading\">Leiter der Ver\u00f6ffentlichung<\/h3>\n\n\n\n<p>Boucard Elodie<\/p>\n<\/div>\n\n\n\n<div class=\"wp-block-column is-layout-flow wp-block-column-is-layout-flow\">\n<h3 class=\"wp-block-heading\">Technische &amp; grafische Umsetzung :<\/h3>\n\n\n\n<p>SEV \/ West-Kommunikation.com<\/p>\n\n\n\n<p>123 Bd Louis Blanc, Halle 2<br>85000 La Roche sur Yon<br>Tel.: 02 51 20 30 40<br>E-Mail: contact@ouest-communication.com<br>Website :&nbsp;<a href=\"https:\/\/ouest-communication.com\/\" target=\"_blank\" rel=\"noreferrer noopener\">https:\/\/ouest-communication.com\/<\/a><\/p>\n\n\n\n<h3 class=\"wp-block-heading\">Hosting der Website :<\/h3>\n\n\n\n<p>OVH<br>2 rue Kellermann<br>59100 Roubaix<\/p>\n<\/div>\n<\/div>\n\n\n\n<h2 class=\"wp-block-heading\">VERWENDUNG DER GESAMMELTEN PERS\u00d6NLICHEN DATEN<\/h2>\n\n\n\n<p>Ihre pers\u00f6nlichen Daten werden nur im Rahmen der Gesch\u00e4ftsbeziehung zwischen Ihnen und dem Herausgeber \"SARL PROCAMP ENB\" verwendet.<\/p>\n\n\n\n<p>Ohne Ihre ausdr\u00fcckliche Zustimmung werden Ihre Daten nicht an Dritte weitergegeben.<\/p>\n\n\n\n<h3 class=\"wp-block-heading\">Kontaktformulare<\/h3>\n\n\n\n<p>Die durch die Formulare gesammelten Informationen werden in einer EDV-Datei gespeichert, um Informationen anzufordern und die Gesch\u00e4ftsbeziehung zu pflegen, die sich daraus ergeben kann. Sie k\u00f6nnen Ihr Recht auf Zugang zu Ihren pers\u00f6nlichen Daten aus\u00fcben, indem Sie Folgendes tun&nbsp;<a href=\"https:\/\/www.campingvaldevie.fr\/de\/antrag-auf-datenzugriff\/\">das daf\u00fcr vorgesehene Formular<\/a>.<\/p>\n\n\n\n<h3 class=\"wp-block-heading\">Cookies<\/h3>\n\n\n\n<p>Wenn Sie einen Kommentar auf unserer Website abgeben, wird Ihnen angeboten, Ihren Namen, Ihre E-Mail-Adresse und Ihre Website in Cookies zu speichern. Dies dient lediglich Ihrer Bequemlichkeit, damit Sie diese Informationen nicht eingeben m\u00fcssen, wenn Sie sp\u00e4ter einen weiteren Kommentar abgeben. Diese Cookies laufen nach einem Jahr ab.<\/p>\n\n\n\n<p>Wenn Sie ein Konto haben und sich auf dieser Website anmelden, wird ein tempor\u00e4res Cookie erstellt, um festzustellen, ob Ihr Browser Cookies akzeptiert. Es enth\u00e4lt keine personenbezogenen Daten und wird automatisch gel\u00f6scht, wenn Sie Ihren Browser schlie\u00dfen.<\/p>\n\n\n\n<p>Zu statistischen Zwecken verwendet diese Website Cookies, die Informationen \u00fcber die von Ihnen besuchten Seiten sammeln sollen. Sie speichern insbesondere anonyme Informationen vor allem \u00fcber Ihre geografische Position, Ihren Browser usw...<\/p>\n\n\n\n<h3 class=\"wp-block-heading\">Medien<\/h3>\n\n\n\n<p>Wenn Sie ein registrierter Nutzer oder eine registrierte Nutzerin sind und Bilder auf die Website hochladen, empfehlen wir Ihnen, keine Bilder hochzuladen, die EXIF-Daten von GPS-Koordinaten enthalten. Die Besucher Ihrer Website k\u00f6nnen aus diesen Bildern Standortdaten herunterladen und extrahieren.<\/p>\n\n\n\n<h3 class=\"wp-block-heading\">Von anderen Seiten eingebettete Inhalte<\/h3>\n\n\n\n<p>Die Artikel auf dieser Website k\u00f6nnen eingebettete Inhalte enthalten (z. B. Videos, Bilder, Artikel ...). Von anderen Websites eingebettete Inhalte verhalten sich genauso, als w\u00fcrde der Besucher diese andere Website besuchen.<\/p>\n\n\n\n<p>Diese Websites k\u00f6nnten Daten \u00fcber Sie sammeln, Cookies verwenden, Tracking-Tools von Drittanbietern einbetten und Ihre Interaktionen mit diesen eingebetteten Inhalten verfolgen, wenn Sie ein angemeldetes Konto auf ihrer Website haben.<\/p>\n\n\n\n<h2 class=\"wp-block-heading\">SPEICHERZEITEN IHRER DATEN<\/h2>\n\n\n\n<p>Wenn Sie einen Kommentar hinterlassen, werden der Kommentar und seine Metadaten auf unbestimmte Zeit gespeichert. Dadurch werden nachfolgende Kommentare automatisch erkannt und genehmigt, anstatt sie in der Moderationswarteschlange zu belassen.<\/p>\n\n\n\n<p>F\u00fcr Nutzerinnen und Nutzer, die sich auf unserer Website registrieren (sofern dies m\u00f6glich ist), speichern wir auch die in ihrem Profil angegebenen pers\u00f6nlichen Daten. Alle Nutzerinnen und Nutzer k\u00f6nnen ihre pers\u00f6nlichen Informationen (mit Ausnahme ihres Benutzernamens) jederzeit einsehen, \u00e4ndern oder l\u00f6schen. Auch die Verwalter der Website k\u00f6nnen diese Informationen einsehen und \u00e4ndern.<\/p>\n\n\n\n<h2 class=\"wp-block-heading\">WELCHE RECHTE SIE \u00dcBER IHRE DATEN HABEN<\/h2>\n\n\n\n<p>Wenn Sie ein Benutzerkonto haben oder Kommentare auf der Website hinterlassen haben, k\u00f6nnen Sie eine Datei anfordern, die alle personenbezogenen Daten enth\u00e4lt, die wir \u00fcber Sie gespeichert haben, einschlie\u00dflich der Daten, die Sie uns zur Verf\u00fcgung gestellt haben. Sie k\u00f6nnen auch verlangen, dass die personenbezogenen Daten \u00fcber Sie gel\u00f6scht werden. Dies gilt nicht f\u00fcr Daten, die zu administrativen, rechtlichen oder Sicherheitszwecken gespeichert werden.<\/p>\n\n\n<h2><strong>Bildnachweis<\/strong><\/h2>\n<p><strong><a title=\"foto vend\u00e9e\" href=\"http:\/\/www.photo-vendee.com\/\" target=\"_blank\" rel=\"noopener noreferrer\">www.photo-vendee.com<\/a><\/strong><\/p>\n<p>A. Lamoureux \u00a9 Vendee Expansion<\/p>\n<p><strong>Touristische Veranstaltungen<\/strong><\/p>\n<p>Daten aus e-SPRIT, dem dezentralisierten regionalen Tourismusinformationssystem der Pays de la Loire.<\/p>\n<p>Die Daten \u00fcber Feste und Veranstaltungen werden von einem Netzwerk von Partnern in einer dezentralisierten regionalen Datenbank gesammelt, die gemeinsame Standards f\u00fcr Qualit\u00e4tsanforderungen bei der Sammlung, Eingabe, Formatierung, \u00dcberpr\u00fcfung und Verbreitung der Informationen erf\u00fcllt.<\/p>\n<p>Kofinanziert von der Region und den Departements, gemeinsam geleitet von der Regionalagentur Pays de la Loire Territoires d'Innovation und Offices de Tourisme de France F\u00e9d\u00e9ration R\u00e9gionale Pays de la Loire, der F\u00e9d\u00e9ration R\u00e9gionale des Offices de Tourisme und den Comit\u00e9s D\u00e9partementaux du Tourisme oder Agences de l'Anjou, Loire-Atlantique, Mayenne, Sarthe, Vend\u00e9e.<\/p>\n<p>Die CDTs\/Agenturen sind Eigent\u00fcmer der technischen Einrichtung, die das Sammeln, Verarbeiten und Verwalten von Informationen erm\u00f6glicht, und organisieren und verwalten ihr departementales Netzwerk.<\/p>\n<p>Finden Sie uns auch online :<\/p>\n<ul>\n<li>www.enpaysdelaloire.com - Region und Regionales Tourismuskomitee der Pays de la Loire<\/li>\n<li>www.anjou-tourisme.com - Anjou Tourismus<\/li>\n<li>www.ohlaloireatlantique.com - Loire Atlantique d\u00e9veloppement<\/li>\n<li>www.mayenne-tourisme.com - CDT Mayenne<\/li>\n<li>www.tourisme-en-sarthe.com - Sarthe Entwicklung<\/li>\n<li>www.vendee-tourisme.com - Vend\u00e9e Expansion<\/li>\n<\/ul>\n\n\n<div class=\"wp-block-columns is-layout-flex wp-container-core-columns-is-layout-9d6595d7 wp-block-columns-is-layout-flex\">\n<div class=\"wp-block-column is-layout-flow wp-block-column-is-layout-flow\" style=\"flex-basis:16.67%\">\n<figure class=\"wp-block-image size-full\"><a href=\"https:\/\/www.vendeecamping.com\/\" target=\"_blank\" rel=\" noreferrer noopener\"><img loading=\"lazy\" decoding=\"async\" width=\"128\" height=\"128\" src=\"https:\/\/www.campingvaldevie.fr\/wp-content\/uploads\/2025\/03\/Vendee-Camping-128px.png\" alt=\"Campingpl\u00e4tze Vend\u00e9e\" class=\"wp-image-26166\"\/><\/a><\/figure>\n<\/div>\n\n\n\n<div class=\"wp-block-column is-layout-flow wp-block-column-is-layout-flow\" style=\"flex-basis:16.67%\">\n<figure class=\"wp-block-image size-full\"><a href=\"https:\/\/vacances-en-vendee.com\/\" target=\"_blank\" rel=\" noreferrer noopener\"><img loading=\"lazy\" decoding=\"async\" width=\"128\" height=\"128\" src=\"https:\/\/www.campingvaldevie.fr\/wp-content\/uploads\/2025\/03\/Logo-Vacances-en-Vendee-128px.png\" alt=\"Urlaub Vend\u00e9e\" class=\"wp-image-26170\"\/><\/a><\/figure>\n<\/div>\n\n\n\n<div class=\"wp-block-column is-layout-flow wp-block-column-is-layout-flow\" style=\"flex-basis:16.67%\">\n<figure class=\"wp-block-image size-full\"><a href=\"https:\/\/campingsaintgillescroixdevie.com\/\" target=\"_blank\" rel=\" noreferrer noopener\"><img loading=\"lazy\" decoding=\"async\" width=\"128\" height=\"128\" src=\"https:\/\/www.campingvaldevie.fr\/wp-content\/uploads\/2025\/03\/Logo-Campings-Saint-Gilles-Croix-de-Vie-128px.png\" alt=\"Urlaub Saint Gilles Croix de Vie und Saint Hilaire de Riez\" class=\"wp-image-26174\"\/><\/a><\/figure>\n<\/div>\n\n\n\n<div class=\"wp-block-column is-layout-flow wp-block-column-is-layout-flow\" style=\"flex-basis:16.67%\">\n<figure class=\"wp-block-image size-full\"><a href=\"https:\/\/campingsaintjeandemonts.com\/\" target=\"_blank\" rel=\" noreferrer noopener\"><img loading=\"lazy\" decoding=\"async\" width=\"128\" height=\"128\" src=\"https:\/\/www.campingvaldevie.fr\/wp-content\/uploads\/2025\/03\/Logo-Campings-Saint-Jean-de-Monts-128px.png\" alt=\"Urlaub Saint Jean de Monts\" class=\"wp-image-26178\"\/><\/a><\/figure>\n<\/div>\n\n\n\n<div class=\"wp-block-column is-layout-flow wp-block-column-is-layout-flow\" style=\"flex-basis:16.67%\"><\/div>\n\n\n\n<div class=\"wp-block-column is-layout-flow wp-block-column-is-layout-flow\" style=\"flex-basis:16.67%\"><\/div>\n<\/div>","protected":false},"excerpt":{"rendered":"<p>QUI SOMMES-NOUS&nbsp;? \u00c9diteur SARL PROCAMP ENB 83411537000019Si\u00e8ge social : 5, rue du stade, 85190 Mach\u00e9N\u00b0 de t\u00e9l\u00e9phone : 07 87 00 15 61E-mail : contact@campingvaldevie.fr Directeur de la publication Boucard Elodie R\u00e9alisation Technique &amp; Graphique : SEV \/ Ouest-Communication.com 123 Bd Louis Blanc, Hall 285000 La Roche sur YonT\u00e9l. : 02 51 20 30 40E-mail [&hellip;]<\/p>\n","protected":false},"author":1,"featured_media":0,"parent":0,"menu_order":0,"comment_status":"open","ping_status":"closed","template":"","meta":{"_seopress_robots_primary_cat":"","_seopress_titles_title":"","_seopress_titles_desc":"","_seopress_robots_index":"yes","footnotes":""},"class_list":["post-26","page","type-page","status-publish","hentry"],"_links":{"self":[{"href":"https:\/\/www.campingvaldevie.fr\/de\/wp-json\/wp\/v2\/pages\/26","targetHints":{"allow":["GET"]}}],"collection":[{"href":"https:\/\/www.campingvaldevie.fr\/de\/wp-json\/wp\/v2\/pages"}],"about":[{"href":"https:\/\/www.campingvaldevie.fr\/de\/wp-json\/wp\/v2\/types\/page"}],"author":[{"embeddable":true,"href":"https:\/\/www.campingvaldevie.fr\/de\/wp-json\/wp\/v2\/users\/1"}],"replies":[{"embeddable":true,"href":"https:\/\/www.campingvaldevie.fr\/de\/wp-json\/wp\/v2\/comments?post=26"}],"version-history":[{"count":11,"href":"https:\/\/www.campingvaldevie.fr\/de\/wp-json\/wp\/v2\/pages\/26\/revisions"}],"predecessor-version":[{"id":26183,"href":"https:\/\/www.campingvaldevie.fr\/de\/wp-json\/wp\/v2\/pages\/26\/revisions\/26183"}],"wp:attachment":[{"href":"https:\/\/www.campingvaldevie.fr\/de\/wp-json\/wp\/v2\/media?parent=26"}],"curies":[{"name":"wp","href":"https:\/\/api.w.org\/{rel}","templated":true}]}}

<h2 class="wp-block-heading">WER SIND WIR?</h2>



<div class="wp-block-columns is-layout-flex wp-container-core-columns-is-layout-9d6595d7 wp-block-columns-is-layout-flex">
<div class="wp-block-column is-layout-flow wp-block-column-is-layout-flow">
<h3 class="wp-block-heading">Herausgeber</h3>



<p>PROCAMP ENB GMBH</p>



<p>83411537000019<br>Hauptsitz: 5, rue du stade, 85190 Maché<br>Telefon-Nr.: 07 87 00 15 61<br>E-Mail: contact@campingvaldevie.fr</p>



<h3 class="wp-block-heading">Leiter der Veröffentlichung</h3>



<p>Boucard Elodie</p>
</div>



<div class="wp-block-column is-layout-flow wp-block-column-is-layout-flow">
<h3 class="wp-block-heading">Technische &amp; grafische Umsetzung :</h3>



<p>SEV / West-Kommunikation.com</p>



<p>123 Bd Louis Blanc, Halle 2<br>85000 La Roche sur Yon<br>Tel.: 02 51 20 30 40<br>E-Mail: contact@ouest-communication.com<br>Website :&nbsp;<a href="https://ouest-communication.com/" target="_blank" rel="noreferrer noopener">https://ouest-communication.com/</a></p>



<h3 class="wp-block-heading">Hosting der Website :</h3>



<p>OVH<br>2 rue Kellermann<br>59100 Roubaix</p>
</div>
</div>



<h2 class="wp-block-heading">VERWENDUNG DER GESAMMELTEN PERSÖNLICHEN DATEN</h2>



<p>Ihre persönlichen Daten werden nur im Rahmen der Geschäftsbeziehung zwischen Ihnen und dem Herausgeber "SARL PROCAMP ENB" verwendet.</p>



<p>Ohne Ihre ausdrückliche Zustimmung werden Ihre Daten nicht an Dritte weitergegeben.</p>



<h3 class="wp-block-heading">Kontaktformulare</h3>



<p>Die durch die Formulare gesammelten Informationen werden in einer EDV-Datei gespeichert, um Informationen anzufordern und die Geschäftsbeziehung zu pflegen, die sich daraus ergeben kann. Sie können Ihr Recht auf Zugang zu Ihren persönlichen Daten ausüben, indem Sie Folgendes tun&nbsp;<a href="https://www.campingvaldevie.fr/de/antrag-auf-datenzugriff/">das dafür vorgesehene Formular</a>.</p>



<h3 class="wp-block-heading">Cookies</h3>



<p>Wenn Sie einen Kommentar auf unserer Website abgeben, wird Ihnen angeboten, Ihren Namen, Ihre E-Mail-Adresse und Ihre Website in Cookies zu speichern. Dies dient lediglich Ihrer Bequemlichkeit, damit Sie diese Informationen nicht eingeben müssen, wenn Sie später einen weiteren Kommentar abgeben. Diese Cookies laufen nach einem Jahr ab.</p>



<p>Wenn Sie ein Konto haben und sich auf dieser Website anmelden, wird ein temporäres Cookie erstellt, um festzustellen, ob Ihr Browser Cookies akzeptiert. Es enthält keine personenbezogenen Daten und wird automatisch gelöscht, wenn Sie Ihren Browser schließen.</p>



<p>Zu statistischen Zwecken verwendet diese Website Cookies, die Informationen über die von Ihnen besuchten Seiten sammeln sollen. Sie speichern insbesondere anonyme Informationen vor allem über Ihre geografische Position, Ihren Browser usw...</p>



<h3 class="wp-block-heading">Medien</h3>



<p>Wenn Sie ein registrierter Nutzer oder eine registrierte Nutzerin sind und Bilder auf die Website hochladen, empfehlen wir Ihnen, keine Bilder hochzuladen, die EXIF-Daten von GPS-Koordinaten enthalten. Die Besucher Ihrer Website können aus diesen Bildern Standortdaten herunterladen und extrahieren.</p>



<h3 class="wp-block-heading">Von anderen Seiten eingebettete Inhalte</h3>



<p>Die Artikel auf dieser Website können eingebettete Inhalte enthalten (z. B. Videos, Bilder, Artikel ...). Von anderen Websites eingebettete Inhalte verhalten sich genauso, als würde der Besucher diese andere Website besuchen.</p>



<p>Diese Websites könnten Daten über Sie sammeln, Cookies verwenden, Tracking-Tools von Drittanbietern einbetten und Ihre Interaktionen mit diesen eingebetteten Inhalten verfolgen, wenn Sie ein angemeldetes Konto auf ihrer Website haben.</p>



<h2 class="wp-block-heading">SPEICHERZEITEN IHRER DATEN</h2>



<p>Wenn Sie einen Kommentar hinterlassen, werden der Kommentar und seine Metadaten auf unbestimmte Zeit gespeichert. Dadurch werden nachfolgende Kommentare automatisch erkannt und genehmigt, anstatt sie in der Moderationswarteschlange zu belassen.</p>



<p>Für Nutzerinnen und Nutzer, die sich auf unserer Website registrieren (sofern dies möglich ist), speichern wir auch die in ihrem Profil angegebenen persönlichen Daten. Alle Nutzerinnen und Nutzer können ihre persönlichen Informationen (mit Ausnahme ihres Benutzernamens) jederzeit einsehen, ändern oder löschen. Auch die Verwalter der Website können diese Informationen einsehen und ändern.</p>



<h2 class="wp-block-heading">WELCHE RECHTE SIE ÜBER IHRE DATEN HABEN</h2>



<p>Wenn Sie ein Benutzerkonto haben oder Kommentare auf der Website hinterlassen haben, können Sie eine Datei anfordern, die alle personenbezogenen Daten enthält, die wir über Sie gespeichert haben, einschließlich der Daten, die Sie uns zur Verfügung gestellt haben. Sie können auch verlangen, dass die personenbezogenen Daten über Sie gelöscht werden. Dies gilt nicht für Daten, die zu administrativen, rechtlichen oder Sicherheitszwecken gespeichert werden.</p>


<h2><strong>Bildnachweis</strong></h2>
<p><strong><a title="foto vendée" href="http://www.photo-vendee.com/" target="_blank" rel="noopener noreferrer">www.photo-vendee.com</a></strong></p>
<p>A. Lamoureux © Vendee Expansion</p>
<p><strong>Touristische Veranstaltungen</strong></p>
<p>Daten aus e-SPRIT, dem dezentralisierten regionalen Tourismusinformationssystem der Pays de la Loire.</p>
<p>Die Daten über Feste und Veranstaltungen werden von einem Netzwerk von Partnern in einer dezentralisierten regionalen Datenbank gesammelt, die gemeinsame Standards für Qualitätsanforderungen bei der Sammlung, Eingabe, Formatierung, Überprüfung und Verbreitung der Informationen erfüllt.</p>
<p>Kofinanziert von der Region und den Departements, gemeinsam geleitet von der Regionalagentur Pays de la Loire Territoires d'Innovation und Offices de Tourisme de France Fédération Régionale Pays de la Loire, der Fédération Régionale des Offices de Tourisme und den Comités Départementaux du Tourisme oder Agences de l'Anjou, Loire-Atlantique, Mayenne, Sarthe, Vendée.</p>
<p>Die CDTs/Agenturen sind Eigentümer der technischen Einrichtung, die das Sammeln, Verarbeiten und Verwalten von Informationen ermöglicht, und organisieren und verwalten ihr departementales Netzwerk.</p>
<p>Finden Sie uns auch online :</p>
<ul>
<li>www.enpaysdelaloire.com - Region und Regionales Tourismuskomitee der Pays de la Loire</li>
<li>www.anjou-tourisme.com - Anjou Tourismus</li>
<li>www.ohlaloireatlantique.com - Loire Atlantique développement</li>
<li>www.mayenne-tourisme.com - CDT Mayenne</li>
<li>www.tourisme-en-sarthe.com - Sarthe Entwicklung</li>
<li>www.vendee-tourisme.com - Vendée Expansion</li>
</ul>


<div class="wp-block-columns is-layout-flex wp-container-core-columns-is-layout-9d6595d7 wp-block-columns-is-layout-flex">
<div class="wp-block-column is-layout-flow wp-block-column-is-layout-flow" style="flex-basis:16.67%">
<figure class="wp-block-image size-full"><a href="https://www.vendeecamping.com/" target="_blank" rel=" noreferrer noopener"><img loading="lazy" decoding="async" width="128" height="128" src="https://www.campingvaldevie.fr/wp-content/uploads/2025/03/Vendee-Camping-128px.png" alt="Campingplätze Vendée" class="wp-image-26166"/></a></figure>
</div>



<div class="wp-block-column is-layout-flow wp-block-column-is-layout-flow" style="flex-basis:16.67%">
<figure class="wp-block-image size-full"><a href="https://vacances-en-vendee.com/" target="_blank" rel=" noreferrer noopener"><img loading="lazy" decoding="async" width="128" height="128" src="https://www.campingvaldevie.fr/wp-content/uploads/2025/03/Logo-Vacances-en-Vendee-128px.png" alt="Urlaub Vendée" class="wp-image-26170"/></a></figure>
</div>



<div class="wp-block-column is-layout-flow wp-block-column-is-layout-flow" style="flex-basis:16.67%">
<figure class="wp-block-image size-full"><a href="https://campingsaintgillescroixdevie.com/" target="_blank" rel=" noreferrer noopener"><img loading="lazy" decoding="async" width="128" height="128" src="https://www.campingvaldevie.fr/wp-content/uploads/2025/03/Logo-Campings-Saint-Gilles-Croix-de-Vie-128px.png" alt="Urlaub Saint Gilles Croix de Vie und Saint Hilaire de Riez" class="wp-image-26174"/></a></figure>
</div>



<div class="wp-block-column is-layout-flow wp-block-column-is-layout-flow" style="flex-basis:16.67%">
<figure class="wp-block-image size-full"><a href="https://campingsaintjeandemonts.com/" target="_blank" rel=" noreferrer noopener"><img loading="lazy" decoding="async" width="128" height="128" src="https://www.campingvaldevie.fr/wp-content/uploads/2025/03/Logo-Campings-Saint-Jean-de-Monts-128px.png" alt="Urlaub Saint Jean de Monts" class="wp-image-26178"/></a></figure>
</div>



<div class="wp-block-column is-layout-flow wp-block-column-is-layout-flow" style="flex-basis:16.67%"></div>



<div class="wp-block-column is-layout-flow wp-block-column-is-layout-flow" style="flex-basis:16.67%"></div>
</div>

<p>QUI SOMMES-NOUS&nbsp;? Éditeur SARL PROCAMP ENB 83411537000019Siège social : 5, rue du stade, 85190 MachéN° de téléphone : 07 87 00 15 61E-mail : contact@campingvaldevie.fr Directeur de la publication Boucard Elodie Réalisation Technique &amp; Graphique : SEV / Ouest-Communication.com 123 Bd Louis Blanc, Hall 285000 La Roche sur YonTél. : 02 51 20 30 40E-mail [&hellip;]</p>
